h + 3*h + 16. What is the tens digit of (h/(-3))/(4/36)?
1
Let b(f) = -f - 7. Let n be b(-11). Suppose 4*a + 5*r - 8 = 3*r, -a - 2*r = n. What is the units digit of a?
4
Suppose -3*k + 20 = -34. What is the tens digit of k?
1
Suppose 5*j - q - 78 = 0, j - 4*q = -4*j + 87. What is the units digit of j?
5
Let x(r) = 45*r**2 + r + 2. What is the units digit of x(-1)?
6
Let g(t) = t**2 + 12*t + 8. What is the tens digit of g(-13)?
2
Let p(k) = k**2 + k + 6. Let n = 6 - 6. What is the units digit of p(n)?
6
Suppose s + s = 0. Suppose 0 = -2*p - 2*r + 4, s = -4*p - r + 2. Suppose p = -2*u + 3 + 3. What is the units digit of u?
3
Suppose 3*s = 3*f - s - 4, 2*f + 2*s - 12 = 0. Suppose 3*q + 5*p - 55 - 17 = 0, f*q + 5*p = 91. What is the units digit of q?
9
Let n(j) = j - 3. Let c be n(13). Let i(x) = x**3 - 9*x**2 - 6*x - 13. What is the tens digit of i(c)?
2
Let l = 2 - -3. Suppose -b = l*c - 105, 5*c - 15 = -2*b + 95. What is the tens digit of c?
2
Let z = 231 - 122. What is the units digit of z?
9
Let c(l) = 3*l - 1. What is the units digit of c(2)?
5
Suppose -3*v + 8*v + 145 = 0. Let b = 41 + v. What is the units digit of b?
2
What is the units digit of (28/20 - 2)*-5?
3
Suppose 12 = 4*r - 16. Let f be (-4)/(-14) - (-236)/r. Let l = f - 21. What is the units digit of l?
3
Suppose 104 = 4*c + 2*y - 20, 3*c = -3*y + 90. Suppose 3*u - u - 2*m = 18, -2*u + c = 5*m. What is the tens digit of u?
1
Suppose -32 = -2*x + 3*p, 4*x = -p - 0*p + 78. What is the tens digit of x?
1
Let j(d) = -d. Let z be j(0). Suppose x + x = z. What is the units digit of (1 - -3) + x + -1?
3
Let h(c) = c**2 - c + 6. What is the tens digit of h(7)?
4
Let r = -7 + 12. Suppose -i + r*f = 5, -f = -0*i - 4*i - 1. Suppose -26 = -4*q - 5*k, i = -2*q + 4*k - 2*k + 22. What is the units digit of q?
9
Let p(d) be the third derivative of d**4/24 - 3*d**2. What is the tens digit of p(10)?
1
Let d(l) = 2*l - 5. Let v be d(4). Suppose 0 = -n - 2*n - 5*q + 13, -21 = -4*n - v*q. Suppose -x = -3*x + n. What is the units digit of x?
3
Suppose -4*j + 16 = r, 3*r + 4*j = 12 + 4. Suppose 4*u - 96 + 0 = r. What is the units digit of u?
4
Let n(r) = -r - 12. Let l be 1/((15/(-27))/5). Let a be n(l). Let d = 2 - a. What is the units digit of d?
5
Let h = -13 - -33. What is the units digit of h?
0
Let h be ((-2)/4)/1*-2. What is the units digit of -1*(-3 - h)/1?
4
Suppose -3 = 4*p - 11. What is the units digit of (p/8)/(2/8)?
1
Suppose 5*h - 15 = 0, -h = -3*f + 2*h + 102. Let i = -15 + f. Let n = i + -9. What is the tens digit of n?
1
Let i(n) = n**2 + n + 71. What is the units digit of i(-13)?
7
Suppose 4*y - 51 = 101. What is the units digit of y?
8
Suppose 3*q - q = -4*b - 12, 4*b + 24 = -5*q. What is the units digit of (-36)/(-16)*q/(-3)?
3
What is the units digit of (-910)/(-20) + (-2)/(-4)?
6
Let c(t) = 4*t + 5. Let a be c(-8). Let q(z) = -11*z**2 + z + 1. Let k be q(2). Let s = a - k. What is the tens digit of s?
1
Suppose 0*o - 21 = -5*g - 2*o, 3*g + o = 12. Let v = 5 - g. What is the units digit of v?
2
Suppose -3*y = 3*y + 36. What is the tens digit of 1253/49 - y/14?
2
Let f(u) = 7*u**2 + 6*u - 22. Let w(x) = x**2 + x - 1. Let s(p) = -f(p) + 6*w(p). What is the units digit of s(0)?
6
Suppose -3*w = -0*w + 5*b + 29, -2*w + 6 = -3*b. Let n be (-14)/w - 1/(-3). Suppose 2*z + z + 4*x - 43 = 0, 3*x = n*z - 33. What is the units digit of z?
9
Suppose -2*z = z - 9. Let v = -5 - -5. Let o = v + z. What is the units digit of o?
3
Suppose 0 = 5*n - 2*j - 3*j - 965, -5*n + 2*j + 950 = 0. What is the tens digit of n?
8
Let j(i) = 3*i - 5. Let g be j(4). Suppose g = 4*o - 9. Suppose -o*u = -5*d + 90, 5*d - d - 72 = 3*u. What is the units digit of d?
8
Let j(y) = 19*y + 4*y - 4 - 9*y. What is the units digit of j(2)?
4
Suppose 5*q + 3*z = -2594, 2*z - 15 = -2*q - 1055. What is the tens digit of (-3)/4 - q/44?
1
Suppose -18*n + 2*n = -2016. What is the units digit of n?
6
Let u(z) = -z**2 - 11*z - 12. Let x be u(-9). Suppose -4*b - 4*d - 20 = 0, -d + x = -5*b - 1. What is the units digit of 11/(-2)*(b - 0)?
1
Let f = 126 - 23. What is the units digit of (-16)/48 - f/(-3)?
4
Suppose 14 + 6 = 4*m. Suppose p = 2*p + 5, -p + 5 = m*c. Suppose 0 = -3*o + 2*d + 12, -c*o + 4*d = -0*o - 16. What is the units digit of o?
2
Let k(s) = 5*s**2 + 3*s - 1. Let d be k(3). Suppose -4*l + d = 4*b + 9, 0 = 5*l - 25. What is the units digit of b*1*2/4?
3
Suppose -2*w + o + 3 = 0, -2*o - 7 = -5*w + 1. Let k be 2/(-4) - (-1)/w. Suppose k*s = 2*s - 6. What is the units digit of s?
3
Let y(h) = 5*h - 6. Let i = 0 - -7. Let s(a) = -a**3 + 8*a**2 - 5*a - 10. Let p be s(i). What is the tens digit of y(p)?
1
Let c(t) = t**3 - 19*t**2 + 35*t. What is the tens digit of c(17)?
1
Let j(p) = p**3 - 3*p**2 + 3. Let r be j(3). Let m be r/6 + (-3)/(-2). Suppose a + 34 = m*k + k, -a + 50 = 4*k. What is the units digit of k?
2
Let m(y) = y + 3. Let i be m(-3). Suppose 0 = -i*l + l - 11. What is the units digit of l?
1
Let v be (0/8)/(1*2). What is the units digit of v + 0 - (-43 + 8)?
5
Let p = -7 + 5. What is the units digit of 5/p*(-4 - -2)?
5
Let t(v) = v**3 - 6*v**2 + 3*v - 6. Let z be t(6). Suppose -z = 3*r - 5*r. What is the units digit of r?
6
Suppose 3*m = 2*y + 13, y = -4*m + 3*y + 16. Suppose 7 + 11 = 5*n - 2*j, 0 = -m*n - 4*j - 10. What is the units digit of n?
2
What is the units digit of -3*(1 + 28/(-12))?
4
Let q = -13 - -7. What is the units digit of 0/2 + (q - -8)?
2
Let h(k) = -6*k - 4. Let j be h(-12). Suppose 3*x + j - 3 = 2*t, -4*t - 2*x = -106. What is the units digit of t?
8
Let k(c) = 7*c + 5. Let l be k(10). Suppose q + 2*q = l. Let r = q + -13. What is the units digit of r?
2
Let d = -51 + 66. What is the units digit of d?
5
Let h(j) = -59*j**3 + j + 1. What is the tens digit of h(-1)?
5
Let y = 11 + -4. Let m = 9 - y. What is the units digit of m?
2
Suppose -b - t + 4 = 0, -12 = -5*b + 2*b + 3*t. Suppose -2*n + b = -8. What is the units digit of n?
6
Suppose 3*u + c - 22 = 0, u - 20 + 2 = -3*c. Let b be u/(-9) - 4/(-6). Suppose -2*y + 2*q + 10 = b, -3*y - 5 = -4*y + 5*q. What is the units digit of y?
5
Let i be 1/1 + -2 + -1. Let b = 9 + i. What is the units digit of b?
7
Let d be (-1 + 3)*(1 + -18). Let j = d + 49. What is the units digit of j?
5
Suppose -114 = -4*r - 3*p, 0 = p + 3*p + 8. What is the tens digit of r?
3
Let s(p) = p. Let u be s(1). What is the units digit of u + 1 - (2 - 1)?
1
What is the units digit of 0 + 28/2 + 2?
6
Let d(l) = -14*l - 8. Let k be d(-4). Suppose 4*u - u = k. What is the tens digit of u?
1
Suppose 4*v + 2*h + 32 = 0, 5*h = 5*v + 2*h + 62. Let d = 23 + v. What is the units digit of d?
3
Let l(p) = 3*p**2 + 2*p - 1. Let s be l(1). Let j be ((-6)/(-9))/(s/54). Let m = 14 - j. What is the units digit of m?
5
Let d(b) be the first derivative of b**4/2 - b**3/3 - 2*b**2 - 2*b - 3. Let l be d(4). What is the units digit of l/14 - (-6)/21?
7
Let m(g) = 4*g**2 + 2*g - 1. Let n(a) = 0*a + 1 - a**2 + 2*a - 3*a. Let r(t) = m(t) + 3*n(t). What is the units digit of r(-4)?
2
Let k = -1 - 0. Let w be -2 - ((-1 - k) + -4). Suppose u = 6*u - s - 34, -w*s = 3*u - 23. What is the units digit of u?
7
Suppose 4*c - 4*f + 82 = c, 5*c + 4*f + 94 = 0. Let g be 1*c*(-3)/6. Let k = g + -4. What is the units digit of k?
7
Let u(h) = 2*h**2 - 5*h - 3. What is the units digit of u(4)?
9
Suppose -7*x = -3*x - 68. Let u = -28 + x. Let s = u + 26. What is the units digit of s?
5
Let l(r) = -3*r - r**2 - 3 + 6*r + r. Let q be l(2). What is the units digit of 0/(0 - q) + 3?
3
Let w(s) = -1 - 1 - 3*s + s + 4. Let z(f) = -f. Let r be z(2). What is the units digit of w(r)?
6
Suppose -i = q - 6*i - 10, -3*i + 17 = 4*q. Suppose 0 = t - 1, p - q*t + 2 = -0. Suppose p*u - 3 = -0. What is the units digit of u?
1
Suppose -3*v + 5*v = 154. What is the units digit of v?
7
Let r(s) = -2*s**3 + 3*s + 3. Suppose -2*a = 4*n - 3*n + 2, -3*n = 4*a + 6. What is the tens digit of r(n)?
1
Let i(v) = 12*v + 7. Let t(l) = 25*l + 15. Let y(j) = -13*i(j) + 6*t(j). Let x be y(-6). What is the tens digit of (36/15 + -2)*x?
1
Let t be (-35)/(-3) + (-4)/(-12). Suppose 2*k - t = -k. Let g = k - 2. What is the units digit of g?
2
What is the tens digit of (-456)/(-8) - 0/1?
5
Suppose b - 2*b + 9 = 0. Suppose b = -l + 2*l. Let h = l + -4. 